+ 0*t - 13 = -4*n. Suppose 672 = 3*m - 2*y + 4*y, 0 = n*m + 5*y - 448. What is the tens digit of m?
2
Suppose -p = -2*p + 82. Suppose -2*o = -2 - p. What is the units digit of o?
2
Let h(t) be the second derivative of t**4/12 + 11*t**3/3 + 57*t**2/2 - 23*t. What is the units digit of h(-22)?
7
Let m(p) = 19 + 3*p**2 + 0*p**2 - 8*p - 30. What is the hundreds digit of m(-7)?
1
Let x be ((-2)/(-4))/((-5)/(-20)). Suppose -x*a + 7 + 12 = -f, a - 15 = -5*f. What is the tens digit of a?
1
Let r be -3 + 0*(-2)/10. What is the units digit of 7*r*8/(-21)?
8
Let m(q) = 6*q - 31. Let f be m(7). Suppose -107 = -8*t - f. What is the units digit of t?
2
Let q = -93 + 53. Let i = -35 - q. What is the units digit of i?
5
Suppose d = 6 - 3. Let q(f) = d - 17*f + 0 - 1. What is the tens digit of q(-2)?
3
Suppose -7832 = 54*b - 62*b. What is the hundreds digit of b?
9
Suppose 5*s + 0*s - 35 = 5*u, -5*s = -20. What is the tens digit of (-5 - u)*-1*75/2?
7
What is the thousands digit of ((-6)/(-4))/(((-464)/(-27168))/29)?
2
Let r(c) = -7 - 9*c + 19*c + 12*c. Suppose -2*n + n + 3*w = 7, 0 = -2*n + 4*w - 8. What is the tens digit of r(n)?
3
Suppose -k + u + 840 = 0, -4*k + 3*u + 3722 = 364. What is the hundreds digit of k?
8
Let o(a) = -42*a + 1. Let w be (-11)/(-3) + 5/15. Suppose 0 = -5*n + n - w. What is the units digit of o(n)?
3
Let n(z) = -43*z - 2. Let v be n(-1). Let q = v + 7. What is the tens digit of q?
4
Suppose -2*u + 417 = 3*d, -2*d = 4*u - 5*d - 879. What is the tens digit of u?
1
Let t(m) be the third derivative of -m**4/8 - 7*m**3/3 - 15*m**2. What is the tens digit of t(-9)?
1
Let o(h) = -h**2 - 14*h - 9. Let g be o(-12). Let q(v) = 12*v - 5. What is the units digit of q(g)?
5
Let s be 10/15 + (130/(-6))/(-5). Let o be (8/(-10))/(6/(-30)). Suppose -5*y - s = 0, 0*y - o*y - 37 = -z. What is the tens digit of z?
3
Let z(b) be the second derivative of -b**5/20 - b**4/6 + b**3/6 - b**2 + 3*b. Let r be z(-3). Let x = 18 + r. What is the tens digit of x?
2
Let p(o) = 10*o**3 - 15*o**2 + 44*o - 10. What is the tens digit of p(5)?
8
Let w = -272 + 435. What is the units digit of w?
3
Let d = 691 - 373. What is the tens digit of d?
1
Let g = -469 + 4554. What is the tens digit of g?
8
Suppose 2*s = -2*s - 480. Let j be (-2)/7 + s/(-28). Suppose -r + 12 + 1 = 5*m, 0 = 5*m - j*r + 2. What is the units digit of m?
2
Suppose -2 = 11*v - 12*v. Suppose 4*n - 7*n + 141 = -v*t, -4*n - 3*t = -171. What is the tens digit of n?
4
Let w = 3464 + -2187. What is the tens digit of w?
7
Let h be ((-12)/(-4) - 3)/(-2). Suppose c + 22 = 2*t, 4*c = 2*t - h*c - 28. What is the tens digit of t?
1
Suppose 0 = -5*w + 4*p + 9123, 2*w - 4*p = 4865 - 1223. What is the tens digit of w?
2
Let b(m) = -m**3 - 9*m**2 + 11*m + 12. Let j be b(-10). Suppose -j*w + 3*x = w - 36, 5*x = -25. What is the units digit of w?
7
Suppose 2*o = -5*n - 21, -n + 56 - 17 = -5*o. What is the units digit of 7 + (-476)/o - (-2)/(-4)?
6
Suppose -3*j + 10 = 7*l - 2*l, 2*l = 4*j + 30. Let n(g) = -g + 1. Let m be n(l). What is the tens digit of (m/(-6))/(10/315)?
2
Let z(i) = 4*i + 22. Let b be z(-9). Let a be (-36)/b + (-18)/(-42). Suppose 8*p - 45 = a*p. What is the units digit of p?
9
Let i = 222 + 10. What is the tens digit of i?
3
Suppose -2*g + 4*b = -20 - 4, b + 8 = g. Suppose 920 = 9*w - g*w. What is the tens digit of w?
8
Let c = -4 - -9. Suppose 1408 = 18*d - 2*d. Suppose -c*z - y + d = 0, -2 = -4*y + 5*y. What is the units digit of z?
8
Let a(p) = 12*p - 42. What is the units digit of a(5)?
8
Let o = -17 - -39. Let p(i) = i**2 + 7*i + 5. Let n be p(-5). Let t = o - n. What is the tens digit of t?
2
Let r = -8 + 1. Let a(f) = 7*f**2 + 15*f - 5. Let w(q) = 3*q**2 + 7*q - 2. Let y(u) = -2*a(u) + 5*w(u). What is the tens digit of y(r)?
1
Let r = 4 - -1. Suppose w + 3*g - r = 6, -4*g + 6 = -3*w. What is the units digit of (-40)/(4/(-2)) - w?
8
Suppose 219 = 3*l + 3*k, -5*k = -2*l - 0*l + 160. What is the units digit of 1/5*12 + 45/l?
3
Suppose -26 = 2*f - 18. Let z(y) = y**3 + 9*y**2 - 5*y. What is the hundreds digit of z(f)?
1
Let b be (3/(-6))/((-1)/(-12)). Let t(j) = -13*j - 14. Let p(w) = -12*w - 13. Let i(z) = 6*p(z) - 5*t(z). What is the units digit of i(b)?
4
Let r be (-36)/(-10) + 8/20. Suppose 0 = i + i - 2*v - 10, 0 = 4*i + r*v - 28. What is the units digit of 4/i + (-44)/(-6)?
8
Suppose 4*n + 10 = 6*n. Let h be (7 - n)/((-2)/(-23)). Let c = -11 + h. What is the tens digit of c?
1
Let y(u) = u**3 - 12*u**2 + 18*u + 9. Let j be y(10). Let v = j + 20. What is the units digit of v?
9
Let p = -22 - -42. Suppose -2 = o - 20. Let t = p - o. What is the units digit of t?
2
Let u(s) = -11*s - 1. Let z be u(2). Let a = z + 26. Suppose a*b + 12 = 6*b. What is the units digit of b?
4
Suppose -3*r - 1160 = -13*r. What is the units digit of r?
6
Suppose 2*v = 9*v - 560. Suppose -5*u + 3*u = 3*a - 128, 0 = 2*a + 4*u - v. What is the units digit of a?
4
Let z(i) be the third derivative of i**7/70 + i**6/360 - i**5/120 - i**4/4 - 4*i**2. Let v(a) be the second derivative of z(a). What is the units digit of v(1)?
7
What is the hundreds digit of (-2 + 23)/3 + (-239513)/(-73)?
2
Let i(s) = -6*s + 64. Let m be i(6). Let b = m - -55. What is the tens digit of b?
8
Let y = -41 - -127. Suppose -9*b = -11*b + y. Suppose b + 3 = 2*i. What is the units digit of i?
3
Let t = -22 - -22. Let v be t + 0 - (-3 - 2). Suppose 2*z + y - 58 = -z, 4*z = v*y + 90. What is the units digit of z?
0
What is the units digit of (-70*(-14)/350)/(4/710)?
7
Suppose -10*h = 2*h - 684. Suppose 0 = -6*i + i - 190. Let d = h + i. What is the units digit of d?
9
Let x = -17 - -14. Let p = x - -3. Suppose p*g = -g - 5*t + 25, 5*g - 2*t - 125 = 0. What is the units digit of g?
5
Suppose -124 = -l - 3*l. Let z = -17 + l. Suppose -2 = b - z. What is the tens digit of b?
1
Let d = 88 - 88. Suppose 2*l + 2*l - 3*s - 709 = d, 3*l - 534 = 3*s. What is the tens digit of l?
7
Let r = -1075 + 1631. What is the hundreds digit of r?
5
Let j(o) = 37*o + 7. What is the units digit of j(6)?
9
What is the hundreds digit of 38/57*-61*42/(-4)?
4
Let t = -20 + 24. Suppose t*q + 185 = 3*c, -3*q - c - 4*c = 117. What is the units digit of q/(-3)*3/2?
2
Suppose 4*m = -274 + 1350. Suppose 0*g = 3*g - 5*y - m, 3*g = y + 253. Suppose 0 = -5*i + g + 297. What is the tens digit of i?
7
Let n(y) = 5*y - 34. Let p be n(16). Let u = p + -5. What is the tens digit of u?
4
Suppose 7*f - 44*f + 49136 = 0. What is the thousands digit of f?
1
Suppose 2*i - 24 = 2*y, -5*y + 4*i - 5*i - 60 = 0. Suppose 0 = -4*r - 12, 2*r - 4 = -2*q + 62. Let v = y + q. What is the units digit of v?
4
Let j(g) = -3*g**3 - 4*g**2 + 4*g + 2. Let r = 62 - 66. What is the units digit of j(r)?
4
What is the tens digit of (-26235)/60*(-16)/6?
6
Let y = 9309 + -5764. What is the tens digit of y?
4
Suppose 0*c + 12 = 2*c. Let l = -158 - -154. What is the units digit of 3 - c*l/6?
7
Let s = 4880 - 2527. What is the thousands digit of s?
2
Let q = 3943 - 36. What is the hundreds digit of q?
9
Let t(u) = u**3 + u**2 - 191. Let j be t(0). Let c = j - -274. What is the units digit of c?
3
Let q = 521 + 48. What is the hundreds digit of q?
5
Let u = -725 + 1843. What is the thousands digit of u?
1
Suppose -y + t - 48 = 6*t, -152 = 5*y + 3*t. What is the tens digit of 82 - (-7)/(y/16)?
7
Let c(h) = -h**3 + 6*h**2 - 4*h - 2. Let o be c(5). Suppose 0 = 4*k - o*k - 364. What is the units digit of (k/(-35))/(2/(-5))?
6
Let n(g) = -g**2 + 7*g + 8. Let q be n(6). Let l be 14/q*(-10)/(-1). Suppose -5*o + 3*j + l = 0, 5*j = -o + 3*j + 15. What is the units digit of o?
5
Suppose -5*v + 7*v - 10 = 0. Suppose -v*z + 48 = -52. What is the units digit of z?
0
Let f(p) = p + 18. Let k be f(-15). Suppose -k*g + 157 + 41 = 4*r, 4*r + g = 194. What is the tens digit of r?
4
Let b be -6 + 7 + 11 + 0. Let i = b + 5. What is the tens digit of i?
1
Let y(t) = 13*t - 13. Let n be y(9). Suppose -58 - n = -3*d. What is the tens digit of d?
5
Let y(q) = q + 2. Let j be y(-2). Suppose -724 = -3*l - j*l - 4*w, 5 = -w. What is the tens digit of l?
4
Suppose 4*z + 5*s - 2 = 13, -4*z + 2*s + 22 = 0. Let p(o) = -3*o + 8*o - 11 + 2*o + 0*o. What is the tens digit of p(z)?
2
Suppose 0*o + 4*y = 2*o - 80, o + y - 28 = 0. Let w(u) = -u**3 - 4*u*